. Let i = z - -2. Calculate the greatest common divisor of i and 28.
7
Let v = 3 - 1. Suppose -r = -v*r + 3. Let c = 5 - -4. What is the greatest common factor of c and r?
3
Let v = 16 + -13. Suppose 2*c = 4 + 8. Calculate the greatest common factor of v and c.
3
Let u = 114 + -78. What is the greatest common divisor of u and 24?
12
Let b be 2 + (46 - 2/(-2)). Let c = 83 - 114. Let g = b + c. What is the highest common divisor of g and 144?
18
Let b(g) = -3*g + 2. Let h be b(-4). Suppose -5*j + 6 = -2*j. Calculate the highest common divisor of h and j.
2
Suppose -4*c - 2 = -22. What is the highest common divisor of 40 and c?
5
Let z be (-2)/(-4) - ((-114)/12 + 1). Let t be (3/(-6))/((-1)/54). What is the highest common factor of t and z?
9
Suppose g + 8 = 17. Suppose -4 = -4*v - 8. Let l be 70 - v/((-1)/(-2)). What is the highest common factor of l and g?
9
Suppose -q = 3*l - 619, -l + 4*q + 178 + 50 = 0. What is the highest common factor of 26 and l?
26
Let y = 43 - 23. Suppose 2*m = 4*n - y, 0 = -m - 0*m. Suppose 3*k + 5*g = -2*k, -n*g = 4*k + 5. What is the highest common divisor of 25 and k?
5
Suppose 4*f = 7*k - 3*k - 40, 5*k = -3*f - 46. Let o = -4 - f. Suppose 0 = 5*a - 1 - 39. What is the greatest common divisor of o and a?
8
Let v be (-862)/(-9) + (-10)/(-45). What is the highest common factor of 64 and v?
32
Let o be (-6)/(-24) - (-47)/4. Let r = 3 - -30. Suppose 5*k - r = -3. Calculate the greatest common divisor of k and o.
6
Let h = 1227 - 663. Suppose 3*f = -132 + h. Calculate the greatest common factor of 18 and f.
18
Let z = -23 - -91. Suppose 0 = -m + 5*b + 42, z - 2 = 3*m + 5*b. Let j(g) = -2*g - 3. Let o be j(-3). What is the highest common divisor of o and m?
3
Let x(a) = 86*a**2 + a. Let s be x(-1). Calculate the greatest common divisor of 17 and s.
17
Let b(z) = -27*z - 1. Let o be b(-2). Suppose 4*r - 15 - o = 0. What is the highest common divisor of 119 and r?
17
Let c = 49 + -48. What is the greatest common factor of c and 3?
1
Suppose -528 = -2*l - 2*l. Let b(w) = w**3 - 13*w**2 + 13*w. Let p be b(12). What is the greatest common factor of l and p?
12
Let h(i) = 2*i**2 - 4*i + 4. Let s be h(4). Calculate the greatest common factor of s and 20.
20
Let j(b) = 3*b**2 - 18*b + 4. Let a be j(-6). Calculate the highest common factor of 44 and a.
44
Let w(s) be the third derivative of -s**4/12 + 7*s**3/3 + 2*s**2. Let i be w(-11). What is the highest common factor of 6 and i?
6
Let s = 250 - 133. Calculate the highest common divisor of s and 13.
13
Suppose -4*f + f + 270 = 0. Suppose 0 = c + c - f. Let z = 26 - 21. Calculate the greatest common divisor of c and z.
5
Let x(q) = -4*q + 11. Let w(o) = -5*o + 12. Let u(a) = -2*w(a) + 3*x(a). Let r be u(-8). Calculate the greatest common divisor of r and 5.
5
Let a = 197 - -13. Suppose 3*d - 123 - a = 0. Let j = -60 + d. Calculate the highest common factor of 17 and j.
17
Suppose 3*j = j + 160. Let a be (9/4)/(15/j). Let v be a/8*(-40)/(-6). What is the highest common factor of v and 50?
10
Let i(b) = -35*b - 1. Let s be i(-3). Let m(a) = a**3 + 19*a**2 - 44*a - 29. Let z be m(-21). Calculate the highest common factor of z and s.
13
Let m(y) = -2*y + 13. Let o be m(-6). Calculate the highest common factor of 225 and o.
25
Suppose -3*d - 25 = -5*p, -6*d + 2*d - 2*p = -10. Suppose 5*c + d*c - 165 = 0. What is the greatest common divisor of 22 and c?
11
Suppose -91*b + 88*b + 3 = 0. Calculate the highest common divisor of 7 and b.
1
Let m = -12 + 14. Suppose -91 = -m*z + 129. Calculate the greatest common divisor of 10 and z.
10
Suppose 4*f + f + z - 7 = 0, 5*f + 3 = 4*z. Let u be f/(2*(-3)/(-24)). What is the greatest common factor of 6 and u?
2
Suppose 0*p = -5*p. Suppose 4*d + 9 - 21 = p. Suppose 4*x - 78 + 23 = 5*f, 49 = 3*x + 4*f. What is the highest common divisor of x and d?
3
Suppose 3*w = 2*w + 77. Calculate the highest common factor of w and 7.
7
Let j = -7 - -9. Suppose 15 + 21 = j*z. What is the greatest common divisor of z and 45?
9
Suppose x - 2*x = 2*d - 54, -5*x + 145 = 5*d. Suppose 52 = 4*p + 5*q, -5*p + q = -0*p - 65. Let f = d - p. What is the greatest common factor of f and 60?
12
Let j = 12 + -3. Let u be 124/6 - 6/j. What is the greatest common divisor of u and 50?
10
Let k(i) = 3*i - 97. Let h(f) = -f + 32. Let p(u) = -11*h(u) - 4*k(u). Let j be p(0). Suppose -8 = -0*l - 2*l. Calculate the highest common factor of j and l.
4
Suppose 168 = -7*h + 14*h. Calculate the greatest common factor of 84 and h.
12
Let b(z) = -z**2 - z + 115. Let q be b(0). Calculate the greatest common divisor of 23 and q.
23
Let y be (0 - (0 + -1))*11. What is the greatest common divisor of y and 44?
11
Let a = -1 + 2. Suppose 0 = -2*n - 2*h + 2, -n - 26 = -3*n + 4*h. Calculate the highest common factor of a and n.
1
Suppose w - 4 = 3*w + 4*h, 5*w + 5*h = 0. Let m(f) = 2*f**3 + 0*f**3 - 6*f**3 - f**w. Let v be m(-1). Calculate the highest common divisor of v and 6.
3
Let w be (6/(-2))/(3 + -4). What is the highest common divisor of 24 and w?
3
Suppose -3*t - 7 = -31. What is the highest common factor of t and 80?
8
Let f(g) = -g**2 + 10*g + 20. Let c be f(11). Calculate the greatest common divisor of 72 and c.
9
Let w = 118 - 114. What is the highest common divisor of 2 and w?
2
Suppose -b + 11 + 31 = 0. Let h = -9 + 15. Calculate the greatest common factor of h and b.
6
Let m = 78 - 75. What is the greatest common divisor of 9 and m?
3
Let n(o) be the first derivative of 4*o**2 - 4*o + 6. Let t be n(6). Calculate the greatest common divisor of t and 110.
22
Suppose 3*h - 26 = -11, 3*h + 41 = 4*f. What is the highest common divisor of 28 and f?
14
Suppose 0 = -5*c - 3*u + 5*u - 58, -3*c - 18 = 3*u. Let v = c - 35. Let d = 93 + v. What is the greatest common factor of 32 and d?
16
Let n be (4 + 8)*3/9. Suppose -3*l - 3*m = -345, 0*l - n*l + 4*m + 436 = 0. Calculate the highest common divisor of l and 16.
16
Let g be 177/9 + 8/(-12). Let d = 10 + g. Let p = 42 - d. What is the highest common factor of 143 and p?
13
Let b = 49 + 29. Calculate the greatest common divisor of b and 6.
6
Let u be 1/(2*(-2)/(-144)). What is the highest common factor of 9 and u?
9
Let r = 58 - 37. Let p(o) = -5*o**3 + 2*o**2 + 3*o - 2. Let j be p(2). Let u be ((-147)/j)/(2/48). What is the greatest common divisor of u and r?
21
Let y(b) = b - 2*b - 9*b. Let m be 3 - (3 - 3/(-3)). Let z be y(m). Calculate the highest common factor of z and 70.
10
Let h be (-2)/(8/36*-3). Let r be ((-26)/3)/(h/(-36)). What is the highest common divisor of r and 13?
13
Let c = -37 + 11. Let b be (c + 0)/(-1 + 0). Calculate the highest common divisor of b and 13.
13
Let q = 39 - 19. Let d(i) = -29*i. Let h be d(-7). Let y = -103 + h. What is the highest common divisor of q and y?
20
Let i be 100/7 + 4/(-14). Let a = -212 + 282. Calculate the greatest common factor of i and a.
14
Let a(p) = -2*p + 6*p - p - 2*p + 11. Let m be a(-8). Suppose m*c + 2*c + i - 480 = 0, i = 5*c - 480. Calculate the greatest common factor of c and 12.
12
Suppose 6 + 18 = d. Suppose 5*o - 34 = -4*l, -4*o = -5*l - 2*o + 26. Calculate the greatest common factor of d and l.
6
Suppose 2*x = -2*g + 6, 6*x = 2*x + 8. Calculate the greatest common factor of 11 and g.
1
Suppose -4*j - 16 = 0, -p - 4*j - 19 = -0*j. Let v be (-70)/p*36/14. What is the greatest common factor of v and 12?
12
Let f(k) = -4*k + 40. Let h be f(0). Calculate the greatest common factor of 8 and h.
8
Let w(l) = -l + 1. Let g be w(-3). Calculate the highest common divisor of 44 and g.
4
Let b(n) = n**2 - 2*n - 30. Let d be b(8). What is the greatest common divisor of 72 and d?
18
Suppose s + 5 = 1, -q + 5*s = -18. Let l be (q/6)/(2/(-12)). Calculate the greatest common factor of 5 and l.
1
Let m(z) = -6*z + 33. Let y be m(-17). What is the greatest common divisor of y and 15?
15
Let y = -1 - -3. Suppose -y*l = -3*l + 2. Let u = 2 + l. What is the greatest common factor of u and 8?
4
Let o be (-2)/(4 + 0)*(-27 + -19). What is the greatest common divisor of o and 161?
23
Let j = -57 - -63. What is the highest common factor of 66 and j?
6
Let r = 5 - 3. Let m = 4 + -2. Suppose 0 = m*s - 5*l - 25, 2*s - r*l - 19 = -3*l. Calculate the greatest common divisor of 40 and s.
10
Let h = 6 - -25. L